 173. What is the highest common divisor of 16 and y?
16
Suppose -3*x = -2*u - 19, 3*u + u - 32 = -4*x. Suppose -x*c + 85 = 8. Calculate the greatest common factor of c and 99.
11
Let o(g) = -2*g**3 - 33*g**2 + 13*g + 8. Let d be o(-17). Calculate the highest common divisor of d and 1216.
76
Suppose -73*d + 2079 = -10*d. Suppose 3*q + q - 44 = 0. Calculate the greatest common divisor of d and q.
11
Let m = 674 - 658. What is the greatest common divisor of 76 and m?
4
Let u(q) = -18*q**2 + q. Let j be u(-1). Let l = j - -30. Let v = 16 + 28. Calculate the highest common factor of v and l.
11
Suppose 2*w = -5*y + 13 + 12, 5*w = 2*y + 48. Suppose -6*i + 22 = 52. Let c = i + w. What is the greatest common factor of c and 20?
5
Let k = 374 + -164. Suppose -3*w + 127 = -0*c + 2*c, k = 5*w + 3*c. Let t be (26/(-8))/((-1)/4). Calculate the highest common factor of t and w.
13
Suppose -5*l + 190 = -3*n, -2*l = 3*n - 0*n - 97. Calculate the greatest common factor of 738 and l.
41
Let p be 2/(-5 + 18/3). Let m be ((-10)/1)/(15/((-495)/p)). Calculate the greatest common factor of m and 33.
33
Suppose 2*g = x + 53, 2*x + x + 47 = 2*g. Suppose -30*m + g*m = -4. What is the highest common factor of m and 26?
2
Let j(z) = z**2 - 2*z - 56. Let f be j(18). Calculate the greatest common divisor of f and 24.
8
Suppose 2*o + 2*r + 1 = 9, 4*o + 2*r = 12. Suppose -8 - 6 = -o*d. Calculate the highest common factor of d and 7.
7
Let i(x) = -x**2 - 14*x + 48. Let j = 5 + -21. Let n be i(j). Calculate the greatest common factor of n and 336.
16
Let d = -869 + 895. Calculate the highest common factor of 117 and d.
13
Let f be (-1 - 5) + (-824)/(-2). What is the highest common factor of 14 and f?
14
Suppose 5*n - 108 = n. Let x be (-356)/(-18) + 6/n + 0. Let z be ((-4)/5)/(1/(-5)). Calculate the highest common factor of x and z.
4
Let i be 6/(-2)*16/6. Let q be 587/5 - i/(-20). Let v = 58 - 45. What is the highest common divisor of q and v?
13
Let p = -131 + 121. Let a be 480/18*(-12)/p. Calculate the highest common divisor of 64 and a.
32
Suppose 370 - 1514 = -26*x. What is the greatest common factor of 32 and x?
4
Suppose 23*n - 60 = 18*n + 5*a, 3 = n - 4*a. What is the greatest common divisor of n and 12?
3
Let b be -2 - -2 - -2 - -43. Calculate the greatest common factor of 135 and b.
45
Suppose 22*f = -5*f + 13986. Calculate the greatest common factor of 74 and f.
74
Let a = 2 + 109. Let z = -67 + a. Let v(m) = 12*m**3 - 3*m**2 + m + 1. Let y be v(1). Calculate the greatest common divisor of z and y.
11
Suppose 0 = -7*d + 3*d + 4*p + 4, -4*p + 5 = -d. Suppose -d*h + 2*l + 18 = -1, h - 10 = -3*l. Calculate the greatest common factor of 35 and h.
7
Let s(i) = i**3 + i. Let g = -20 + 18. Let p be s(g). Let j be 2 - 6 - (p - 1). What is the highest common factor of j and 56?
7
Suppose 0 = 3*g + 2*z - 922, 3*g - 914 = -0*z + 2*z. Calculate the greatest common divisor of g and 6.
6
Let x(j) = 3*j**2 + 19*j + 59. Let y be x(-4). Calculate the greatest common divisor of 1891 and y.
31
Suppose 0 = 14*f - 10*f - 288. Let c be 2/((-3)/f*4/(-2)). What is the highest common divisor of 12 and c?
12
Let d = 44 + -43. Let r(g) = 2*g**3 + g**2 - 4*g + 3. Let m be r(d). Calculate the highest common divisor of m and 16.
2
Suppose 0 = -3*h + 11 + 31. Suppose h + 10 = u. Let i = -15 + u. What is the highest common divisor of 63 and i?
9
Suppose -8*t = -6*t - 372. Suppose -3*u + t = 5*h + 39, -2*h = 0. Calculate the highest common divisor of 7 and u.
7
Let b = 1 - -6. Let k(q) = -q**3 - 4*q**2 + 5. Let s be k(-4). Suppose -2*y + 6*y - 3*m = 96, -y + 41 = -s*m. What is the highest common divisor of y and b?
7
Suppose -8*z - 345 = -5*z. Let j be (-1587)/z + (-1)/10*-2. What is the highest common factor of j and 2?
2
Let h(y) = 4*y**2 - 4*y - 10. Let n be h(5). Let p be ((-8)/10)/((-4)/n). What is the highest common factor of p and 2?
2
Let p(t) = 13*t**2 - 22*t + 32. Let s be p(6). What is the greatest common divisor of s and 32?
16
Let i(v) = 23*v**2 - 4*v - 10. Let w be i(-2). Suppose -1 = -g + 14. What is the greatest common divisor of w and g?
15
Let u(z) = -4*z - 70. Let i be u(-20). What is the greatest common divisor of 5 and i?
5
Suppose -377*o + 2*k + 528 = -372*o, -3*k + 126 = o. Suppose m - 114 = -m - 3*y, -2 = -y. What is the highest common divisor of m and o?
54
Suppose -18*c + 1185 = -13*c. Suppose 0 = -2*a - 4*n + 462, n + c = 3*a - 435. Calculate the highest common divisor of 90 and a.
45
Suppose -4*x = -3 - 29. Let w = -63 - -111. Calculate the highest common divisor of w and x.
8
Let y(o) = o + 3. Let k be y(0). Suppose 0 = 2*x + k*z - 74, -4*x - 5*z + 39 = -113. Let i = -17 + x. Calculate the greatest common factor of i and 39.
13
Suppose -4*f - 5*k = -9*f + 25, -7 = 4*f + 5*k. Suppose -r - f*r + 2*w = -239, -5*w + 57 = r. Calculate the highest common divisor of r and 11.
11
Suppose -561*h - 510 = -576*h. Calculate the greatest common factor of 493 and h.
17
Suppose 4*z - 8 = 0, -2*c - 4*z + 172 = -0*c. Let l = 106 - c. Calculate the highest common divisor of l and 6.
6
Let v be 6 + -65 + (-24)/4. Let h = v - -81. Suppose x + x = -q + 8, -x + 4 = 4*q. Calculate the highest common divisor of x and h.
4
Let n(j) = j**2 - 8*j - 18. Suppose 41 = 4*r - 3. Let g be n(r). Suppose 2*s - 12 = -2*i, -3*s = -i + 3*i - g. Calculate the greatest common factor of 9 and s.
3
Suppose -23*c = -26*c + 24. Let s be (-371)/(-3) - c/(-24). Calculate the highest common factor of 31 and s.
31
Let d be ((-27)/21 - 2/(-7))*70. Let q be (-9)/24*d + (-1)/4. Calculate the highest common factor of 13 and q.
13
Suppose -13*k + 2220 = -8*k. Calculate the highest common divisor of 36 and k.
12
Let k be 544/(-20) - (-1)/5. Let i be (-156)/(-27) + (-6)/k. Suppose 3*c - 14 = -g, -g + i = 5*c - 18. What is the highest common divisor of 45 and c?
5
Let z = 46 + -25. Suppose -y = 4*x - 225, -24*y = -x - z*y + 53. Suppose b - 8 + 0 = 0. What is the highest common factor of b and x?
8
Suppose -3*y - 17 = -w - 3*w, -2*w + 6 = -4*y. Suppose d = w*d - 164. Calculate the highest common factor of 451 and d.
41
Suppose 0 = -5*c - g + 75, -c + 9 = g - 2. Calculate the highest common divisor of c and 176.
16
Let x = -4639 + 4683. Let z = -2 + 2. Suppose -2*d + 16 = 2*i - 0*i, z = 2*d - 2*i - 28. Calculate the greatest common factor of x and d.
11
Let x be (-6)/(65/(-30) + (-6)/(-9)). What is the highest common divisor of x and 12?
4
Suppose -2*f + 63 = 7*h - 4*h, -3*f = 5*h - 93. Calculate the highest common factor of 288 and f.
36
Suppose -3*x - 10 = -100. Let o be -3*(4 - 3) - -6. Let c be (2/(-6))/(o/(-54)). Calculate the highest common divisor of c and x.
6
Let u(d) = 39*d**2 + d. Let k be u(-1). Suppose 11*a = 7*a + 200. Let r = k + a. Calculate the highest common divisor of 11 and r.
11
Suppose b - 195 + 193 = 0. Calculate the greatest common factor of 3 and b.
1
Suppose -5*v + 0*q - 82 = 3*q, -34 = v + 5*q. Let y(k) = -k**3 - 13*k**2 + 9*k + 2. Let l be y(v). What is the greatest common factor of 24 and l?
24
Suppose -19*g = -1710 - 304. Calculate the greatest common divisor of g and 2.
2
Suppose -1 = -l + 3. Let r be ((-1)/l)/(1/(-92)). Calculate the greatest common divisor of r and 184.
23
Suppose t + 144 = -3*p, 192 = -4*p - 0*t - t. Let w = -22 - p. What is the greatest common factor of w and 234?
26
Suppose -3*f + 8 = -2*f. Let l = -120 - -136. Calculate the highest common factor of f and l.
8
Suppose -6 = 4*g - 3*g. Let a be (g/2 - -27) + -2. What is the highest common divisor of a and 55?
11
Suppose 0 = 4*m - 111 + 11. Let s(r) = -2*r**2 + 21*r - 2. Let f be s(9). What is the highest common factor of f and m?
25
Suppose -3*b + 2*b = 2*u - 24, u = 3*b + 12. Let n = 1 - -4. Suppose 5*c + 14 = 5*i - 2*i, -n*i = c - 14. Calculate the highest common divisor of i and u.
3
Let u = 68 + 92. Suppose -3*p = 2*p - 180. Let c = 56 - p. Calculate the greatest common factor of u and c.
20
Let p be (6/4)/(((-5)/2)/(-5)). Suppose 5*u + 0*t - p*t - 147 = 0, 2*u + 2*t - 46 = 0. Calculate the greatest common divisor of 9 and u.
9
Let r(n) = -n**3 - 11*n**2 - 13. Let u be r(-12). Suppose 5*k - u + 61 = 0. What is the greatest common divisor of k and 98?
14
Let y(n) = n**2 - 34*n + 5. Let w be y(-5). Calculate the highes